{"id":126,"date":"2013-12-02T22:11:17","date_gmt":"2013-12-02T22:11:17","guid":{"rendered":"http:\/\/fmmiljo.no\/?page_id=126"},"modified":"2016-10-04T17:41:28","modified_gmt":"2016-10-04T17:41:28","slug":"info-om-produkter","status":"publish","type":"page","link":"https:\/\/fmmiljo.no\/?page_id=126","title":{"rendered":"Info om Produkter"},"content":{"rendered":"<p><a href=\"http:\/\/fmmiljo.no\/wp-content\/uploads\/2013\/11\/Logo-jan.jpg\"><img loading=\"lazy\" decoding=\"async\" class=\"alignnone size-medium wp-image-355\" src=\"http:\/\/fmmiljo.no\/wp-content\/uploads\/2013\/11\/Logo-jan-300x82.jpg\" alt=\"logo-jan\" width=\"300\" height=\"82\" srcset=\"https:\/\/fmmiljo.no\/wp-content\/uploads\/2013\/11\/Logo-jan-300x82.jpg 300w, https:\/\/fmmiljo.no\/wp-content\/uploads\/2013\/11\/Logo-jan-768x209.jpg 768w, https:\/\/fmmiljo.no\/wp-content\/uploads\/2013\/11\/Logo-jan-1024x279.jpg 1024w, https:\/\/fmmiljo.no\/wp-content\/uploads\/2013\/11\/Logo-jan.jpg 1956w\" sizes=\"auto, (max-width: 300px) 100vw, 300px\" \/><\/a><\/p>\n<p>&nbsp;<\/p>\n<h1>Produkter til h\u00f8ytrykk og maskinvask<\/h1>\n<h2><span style=\"color: #0000ff;\">Norske forhold krever norske produkter<\/span><\/h2>\n<p>&nbsp;<\/p>\n<div>\n<div>\n<h3><span style=\"color: #0000ff;\">MICRO<\/span><\/h3>\n<p>Er et alkalisk vaske- og avfettningsmiddel.<\/p>\n<p>Inneholder biologisk nedbrytbare glansgivende<br \/>\ntensider og sm\u00e5 mengder alifatiske l\u00f8semidler.<\/p>\n<p>DOSERING:<\/p>\n<p>Bilvaskemaskiner: Forvask<br \/>\n1 : 6 1 : 10<br \/>\nH\u00f8ytrykksmaskiner<br \/>\n1 : 5 1 : 15<br \/>\nMotorvask, kapeller<br \/>\n1 : 4<br \/>\n1 : 10<\/p>\n<p>TEKNISKE DATA:<\/p>\n<p>Svak lukt, klar svak gul v\u00e6ske.<br \/>\npH &#8211; 11<\/p>\n<p>HELSE \/ MILJ\u00d8DATA:<\/p>\n<p>Xi, irriterende<\/p>\n<\/div>\n<div>\n<h3><span style=\"color: #0000ff;\">MASTER-RENS<\/span><\/h3>\n<p>Er et surt vaske- og rensemiddel for rengj.og<br \/>\nfjerning av metalloksyder, rust, sot, bremsest\u00f8v,<br \/>\nsements\u00f8l, rustrenner p\u00e5 b\u00e5ter.<br \/>\nDOSERING:<br \/>\nB\u00f8r brukes konsentrert til ekstreme forurensninger.<br \/>\nKan utblandes 1 : 3, 1 : 5 til bremsest\u00f8v<br \/>\nog lettere smuss.<br \/>\nTEKNISKE DATA:<br \/>\nSyrlig lukt, klar lys v\u00e6ske.<br \/>\npH &#8211; ca. 1<br \/>\nHELSE \/ MILJ\u00d8DATA:<br \/>\nC, etsende<\/p>\n<\/div>\n<div>\n<h3><span style=\"color: #0000ff;\">AQUA-SIL 100<\/span><\/h3>\n<p>Kraftig bakterie- og soppdrepende alkalisk desinfiserende\u00a0rengj\u00f8ringsmiddel.<\/p>\n<p>DOSERING:<br \/>\nH\u00f8ytrykksaggregat: 1 : 10 innjiseres.<br \/>\nManuell \/ lavtrykksp\u00e5f\u00f8ring: 1 : 50.<\/p>\n<p>TEKNISKE DATA:<br \/>\nKlar gul v\u00e6ske, pH 12, karakteristisk lukt<\/p>\n<p>HELSE\/MILJ\u00d8DATA:<br \/>\nXi, irriterende<\/p>\n<\/div>\n<div>\n<h3><span style=\"color: #0000ff;\">POLAR GR\u00d8NNSEPE<\/span><\/h3>\n<p>Ren naturlig gr\u00f8nnsepe med furun\u00e5lsduft til\u00a0allslags rengj\u00f8ring.<\/p>\n<p>DOSERING:<br \/>\nEn kannekapsel tilsettes vaskevannet, kan \u00f8kes\u00a0for ubehandlet treverk og stengulv.<\/p>\n<p>TEKNISKE DATA:<br \/>\npH &#8211; ca. 9.5 Behagelig lukt, lys gul v\u00e6ske.<\/p>\n<p>HELSE\/MILJ\u00d8DATA:<br \/>\nIkke merkepliktig produkt.<\/p>\n<\/div>\n<\/div>\n<div>\n<div>\n<h3><span style=\"color: #0000ff;\">MICRO FORVASK<\/span><\/h3>\n<p>Er en forsterket utgave av Micro. Alkalisk tyktflytende<\/p>\n<p>vaske- og avfettingsmiddel basert p\u00e5<br \/>\nbiologisk nedbrytbare tensider. Tilsatt alifatiske<br \/>\nl\u00f8semiddel, kompleksdanner og vann.<\/p>\n<p>DOSERING:<br \/>\nKan brukes konsentrert, utblandes 1 : 15 Sommer 1 :7 Vinter\u00a0 i<br \/>\nvann.<\/p>\n<p>BRUKSANVISNING:<br \/>\nP\u00e5f\u00f8r vaskel\u00f8sningen med lavtrykkspr\u00f8yte og<br \/>\ndusj p\u00e5 i jevne bevegelser nedenfra og oppover.<br \/>\nLa midlet virke i ca. 3-5 min. Spyl av med<br \/>\nh\u00f8ytrykkspyler nedenfra og oppover slik at vaskemiddel<br \/>\nog h\u00f8ytrykkstr\u00e5len f\u00e5r virke sammen.<\/p>\n<p>TEKNISKE DATA:<br \/>\npH &#8211; 9.8 Moderat lukt, klar v\u00e6ske.<\/p>\n<p>HELSE \/ MILJ\u00d8DATA:<br \/>\nXi, irriterende<\/p>\n<\/div>\n<div>\n<h3><span style=\"color: #0000ff;\">VINTERSHAMPO<\/span><\/h3>\n<p>Har en spesiell aktiv formel som gir ekstra<br \/>\nvaskekraft. Inneholder biologisk nedbrytbare<br \/>\nglansgivende tensider og sm\u00e5 mengder silikat,<br \/>\nfosfat og vann.<br \/>\nDOSERING:<br \/>\nVanlig smuss: 1 : 20, 1: 50,<br \/>\nTyngre smuss: 1 : 10, 1 : 20<br \/>\nTEKNISKE DATA:<br \/>\nSvak lukt, gul v\u00e6ske<br \/>\npH &#8211; 12.8<br \/>\nHELSE \/ MILJ\u00d8DATA:<br \/>\nXi, irriterende<\/p>\n<\/div>\n<div>\n<h3><span style=\"color: #0000ff;\">UNIVERSAL K-70<\/span><\/h3>\n<p>Er et ekstra kraftig sterk alkalisk\u00a0vaskemiddel for de mest ekstreme smussdanelser<br \/>\ni industrien, landbruk,\u00a0fiskeriindustrien og beslektet industri.<br \/>\nBrukes gjerne i kombinasjon med\u00a0AQUA-SIL 100 for desinfisering av\u00a0produksjonsutstyr og transportmateriel\u00a0i fiskeriindustrien.<\/p>\n<p>DOSERING:<br \/>\nVanlig smuss: \u00a0 \u00a0 \u00a0 \u00a0 \u00a0 \u00a0 \u00a0 \u00a0 \u00a0 1 : 50, 1 : 100<br \/>\nGrov smuss: \u00a0 \u00a0 \u00a0 \u00a0 \u00a0 \u00a0 \u00a0 \u00a0 \u00a0 \u00a0 1 : 10, 1 : 20<\/p>\n<p>TEKNISKE DATA:<br \/>\npH &#8211; 13.0 Svak lukt, gul v\u00e6ske<\/p>\n<p>HELSE\/MILJ\u00d8DATA:<br \/>\nC, etsende<\/p>\n<\/div>\n<div>\n<h3><span style=\"color: #0000ff;\">SPRINT<\/span><\/h3>\n<p>Er en universalspray for all innvendig rengj\u00f8ring av kj\u00f8ret\u00f8y;\u00a0frontruter, dashbord, speil etc. Interi\u00f8rspray for speil, tv, servant, bad, kj\u00f8kken etc.<\/p>\n<p>DOSERING:<br \/>\nSpray p\u00e5 og t\u00f8rk av med ren klut.\u00a0Produktene tilfredsstiller kravene til vaske- og\u00a0avfettingsmidler i forskrifter om utslipp av oljeholdig\u00a0avl\u00f8psvann og om bruk og merking av\u00a0vaske- og avfettingsmidler.<\/p>\n<\/div>\n<\/div>\n<div>\n<div>\n<h3><span style=\"color: #0000ff;\">MICRO 3<\/span><\/h3>\n<p>Har en kraftig formel som gir bedre effekt<br \/>\nutblandet i vann. Produktet er basert p\u00e5 biologisk<br \/>\nnedbrytbare tensider, alifatiske l\u00f8semiddel,<br \/>\nkompleksdanner og vann.<br \/>\nDOSERING:<br \/>\nVaskeautomater og manuell rengj\u00f8ring:<br \/>\n1 : 30, 1 : 50<br \/>\nForvask bil og grov smuss:<br \/>\n1 : 6, 1 : 10<br \/>\nBRUKSANVISNING:<br \/>\nSe under Micro Forvask<br \/>\nTEKNISKE DATA:<br \/>\npH &#8211; 12, Moderat lukt, klar gul v\u00e6ske.<br \/>\nHELSE \/ MILJ\u00d8DATA:<br \/>\nXi, irriterende<\/p>\n<\/div>\n<div>\n<h3><span style=\"color: #0000ff;\">AUTOSHAMPO<\/span><\/h3>\n<p>Er en effektiv shampo for bilrengj\u00f8ring.<br \/>\nInneholder biologisk nedbrytbare glansgivende<br \/>\ntensider.<br \/>\nDOSERING:<br \/>\nVanlig smuss: 1 : 20, 1 : 50<br \/>\nTyngre smuss: 1 : 10, 1 : 20<br \/>\nTEKNISKE DATA:<br \/>\npH &#8211; 11.5, Frisk lukt, lys klar v\u00e6ske.<br \/>\nHELSE \/ MILJ\u00d8DATA:<br \/>\nIkke merkepliktig produkt.<\/p>\n<\/div>\n<div>\n<h3><span style=\"color: #0000ff;\">HD-2000<\/span><\/h3>\n<p>Delvaskemiddel for vaskemaskiner med\u00a0temperaturer: 60 &#8211; 90\u00baC.\u00a0Rengj\u00f8r effektivt all slags fett og oljeholdigsmuss\u00a0fra maskindeler, verkt\u00f8y, r\u00f8rdeler m.m.\u00a0Inneholder nedbrytbare vasker\u00e5stoffer\u00a0og er s\u00e6rdeles lavtskummende.<\/p>\n<p>DOSERING:<br \/>\nLett smuss: 0.5 &#8211; 1%<br \/>\nGrov smuss: 1 &#8211; 3%<\/p>\n<p>TEKNISKE DATA:<br \/>\npH &#8211; 13.6 Svak lukt, lys klar v\u00e6ske.<\/p>\n<p>HELSE\/MILJ\u00d8DATA:<br \/>\nC, etsende<\/p>\n<\/div>\n<div>\n<h3><span style=\"color: #0000ff;\">KALDAVFETTING<\/span><\/h3>\n<p>Er et kraftig avfettingsmiddel basert p\u00e5 en\u00a0blanding av alifatiske og aromatiske hydrokarboner<br \/>\ntilsatt biologisk nedbrytbar emulgator.\u00a0Ypperlig til kaldavfetting: Asfaltflekker, olje,\u00a0fett, veisalt og andre tyngre smussdannelser.<\/p>\n<p>DOSERING:<br \/>\nKan ikke blandes i vann, brukes konsentrert.<\/p>\n<p>TEKNISKE DATA:<br \/>\nFlammepunkt: 63\u00baC<br \/>\nKarakteristisk lukt, lys klar v\u00e6ske.<\/p>\n<p>HELSE\/MILJ\u00d8DATA:<br \/>\nXn, helseskadelig<\/p>\n<\/div>\n<\/div>\n<div>\n<div>\n<h3><span style=\"color: #0000ff;\">IMIDO EXTRA<\/span><\/h3>\n<p>Har en spesiell aktiv formel som gir ekstra<br \/>\nvaskekraft til vanskelige smussdannelser.<br \/>\nInneholder biologisk nedbrytbare glansgivende<br \/>\ntensider, sm\u00e5 mengder silikat, kompleksdanner<br \/>\nog vann. Ikke l\u00f8semidler.<br \/>\nDOSERING:<br \/>\nBilvaskemaskiner: 1:40, 1:50<br \/>\nLavtrykkspr\u00f8yte: 1:10, 1:20<\/p>\n<p>TEKNISKE DATA:<br \/>\nSvak lukt, klar gul v\u00e6ske.<br \/>\npH &#8211; 12<br \/>\nHELSE \/ MILJ\u00d8DATA:<br \/>\nXi, irriterende<\/p>\n<\/div>\n<div>\n<h3><span style=\"color: #0000ff;\">IMIDO EXTRA SUPER<\/span><\/h3>\n<p>Har en spesiell aktiv formel for bruk i b\u00f8rstevaskemaskiner.<br \/>\nInneholder biologisk nedbrytbare<br \/>\nglansgivende tensider som holder b\u00f8rstene<br \/>\nrene i bilvaskemaskiner.<br \/>\nDOSERING:<br \/>\nBilvaskemaskiner: Konsentratet utblandes automatisk<br \/>\ni maskinen. 1 : 10, 1 : 50.<\/p>\n<p>TEKNISKE DATA:<br \/>\nSvak lukt, klar gul v\u00e6ske.<br \/>\npH &#8211; 12.8<br \/>\nHELSE \/ MILJ\u00d8DATA:<br \/>\nXi, irriterende<\/p>\n<\/div>\n<div>\n<h3><span style=\"color: #0000ff;\">SUNCLEAN 70<\/span><\/h3>\n<p>Kaldavfetting el.motorer, motordeler, verkt\u00f8y\u00a0o.l. i rensebad m\/kost og spr\u00f8yte.\u00a0Varmtvannspyling 80-100\u00baC innjiseres produktet\u00a0for avvoksing nye biler og varmavfetting i\u00a0h\u00f8ytrykksvasker.<\/p>\n<p>DOSERING:<br \/>\nDelevask: Brukes konsentrert i rensebad.<br \/>\nAvvoksing nye biler: 2 &#8211; 5% innjiseres.<\/p>\n<p>TEKNISKE DATA:<br \/>\nFlammepunkt 65\u00baC Svak petroleumslukt, ikke vannl\u00f8selig, klar v\u00e6ske.<\/p>\n<p>HELSE\/MILJ\u00d8DATA:<br \/>\nXn, helseskadelig<\/p>\n<\/div>\n<div>\n<h3><span style=\"color: #0000ff;\">VINDUSSPYLER-V\u00c6SKE K.<\/span><\/h3>\n<p>Er et effektivt vindusvaskemiddel som fjerner\u00a0hurtig insekter og annet trafikksmuss\u00a0fra frontruter og hindrer frostdannelser i\u00a0spylersystemet.<\/p>\n<p>DOSERING:<br \/>\nVinterblanding: 1 : 3<br \/>\nSommerblanding: 1 : 10<\/p>\n<p>TEKNISKE DATA:<br \/>\nKarakteristisk lukt, bl\u00e5 v\u00e6ske.<\/p>\n<p>HELSE\/MILJ\u00d8DATA:<br \/>\nR-10, b<\/p>\n<\/div>\n<\/div>\n<p>&nbsp;<\/p>\n<div style=\"padding-bottom:20px; padding-top:10px;\" class=\"hupso-share-buttons\"><!-- Hupso Share Buttons - http:\/\/www.hupso.com\/share\/ --><a class=\"hupso_toolbar\" href=\"http:\/\/www.hupso.com\/share\/\"><img decoding=\"async\" src=\"https:\/\/static.hupso.com\/share\/buttons\/lang\/no\/share-medium.png\" style=\"border:0px; padding-top:5px; float:left;\" alt=\"Share Button\"\/><\/a><script type=\"text\/javascript\">var hupso_services_t=new Array(\"Twitter\",\"Facebook\",\"Google Plus\",\"Linkedin\",\"Email\",\"Print\");var hupso_background_t=\"#EAF4FF\";var hupso_border_t=\"#66CCFF\";var hupso_toolbar_size_t=\"medium\";var hupso_image_folder_url = \"\";var hupso_url_t=\"\";var hupso_title_t=\"Info om Produkter\";<\/script><script type=\"text\/javascript\" src=\"https:\/\/static.hupso.com\/share\/js\/share_toolbar.js\"><\/script><!-- Hupso Share Buttons --><\/div>","protected":false},"excerpt":{"rendered":"<p>&nbsp; Produkter til h\u00f8ytrykk og maskinvask Norske forhold krever norske produkter &nbsp; MICRO Er et alkalisk vaske- og avfettningsmiddel. Inneholder biologisk nedbrytbare glansgivende tensider og sm\u00e5 mengder alifatiske l\u00f8semidler. DOSERING: Bilvaskemaskiner: Forvask 1 : 6 1 : 10 H\u00f8ytrykksmaskiner 1 : 5 1 : 15 Motorvask, kapeller 1 : 4 1 : 10 TEKNISKE DATA: Svak lukt, klar svak gul v\u00e6ske. pH &#8211; 11 HELSE \/ MILJ\u00d8DATA: Xi, irriterende MASTER-RENS Er et surt vaske- og rensemiddel for rengj.og fjerning av metalloksyder, rust, sot, bremsest\u00f8v, sements\u00f8l, rustrenner p\u00e5 b\u00e5ter. DOSERING: B\u00f8r brukes konsentrert til ekstreme forurensninger. Kan utblandes 1 : 3,<\/p>\n<a class=\"more-link\" rel=\"nofollow\" href=\"https:\/\/fmmiljo.no\/?page_id=126\">[Read More...]<\/a><div style=\"padding-bottom:20px; padding-top:10px;\" class=\"hupso-share-buttons\"><!-- Hupso Share Buttons - http:\/\/www.hupso.com\/share\/ --><a class=\"hupso_toolbar\" href=\"http:\/\/www.hupso.com\/share\/\"><img src=\"https:\/\/static.hupso.com\/share\/buttons\/lang\/no\/share-medium.png\" style=\"border:0px; padding-top:5px; float:left;\" alt=\"Share Button\"\/><\/a><script type=\"text\/javascript\">var hupso_services_t=new Array(\"Twitter\",\"Facebook\",\"Google Plus\",\"Linkedin\",\"Email\",\"Print\");var hupso_background_t=\"#EAF4FF\";var hupso_border_t=\"#66CCFF\";var hupso_toolbar_size_t=\"medium\";var hupso_image_folder_url = \"\";var hupso_url_t=\"\";var hupso_title_t=\"Info om Produkter\";<\/script><script type=\"text\/javascript\" src=\"https:\/\/static.hupso.com\/share\/js\/share_toolbar.js\"><\/script><!-- Hupso Share Buttons --><\/div>","protected":false},"author":1,"featured_media":0,"parent":0,"menu_order":2,"comment_status":"closed","ping_status":"closed","template":"","meta":{"footnotes":""},"class_list":["post-126","page","type-page","status-publish","hentry"],"_links":{"self":[{"href":"https:\/\/fmmiljo.no\/index.php?rest_route=\/wp\/v2\/pages\/126","targetHints":{"allow":["GET"]}}],"collection":[{"href":"https:\/\/fmmiljo.no\/index.php?rest_route=\/wp\/v2\/pages"}],"about":[{"href":"https:\/\/fmmiljo.no\/index.php?rest_route=\/wp\/v2\/types\/page"}],"author":[{"embeddable":true,"href":"https:\/\/fmmiljo.no\/index.php?rest_route=\/wp\/v2\/users\/1"}],"replies":[{"embeddable":true,"href":"https:\/\/fmmiljo.no\/index.php?rest_route=%2Fwp%2Fv2%2Fcomments&post=126"}],"version-history":[{"count":12,"href":"https:\/\/fmmiljo.no\/index.php?rest_route=\/wp\/v2\/pages\/126\/revisions"}],"predecessor-version":[{"id":361,"href":"https:\/\/fmmiljo.no\/index.php?rest_route=\/wp\/v2\/pages\/126\/revisions\/361"}],"wp:attachment":[{"href":"https:\/\/fmmiljo.no\/index.php?rest_route=%2Fwp%2Fv2%2Fmedia&parent=126"}],"curies":[{"name":"wp","href":"https:\/\/api.w.org\/{rel}","templated":true}]}}